ime factors of v.
71
Suppose -5*j + j = 0. Let l = j - -27. What are the prime factors of l?
3
Let p = 10 - 6. What are the prime factors of (p/(-6))/((-2)/27)?
3
Let a = -14 + 19. Suppose q - 11 - 8 = -f, 3*f + 63 = a*q. What are the prime factors of q?
3, 5
Suppose 31 = -n - 3. Let l = -13 - n. What are the prime factors of l?
3, 7
Let w = -2 - -1. Let i be 1 - (-1 - 0/w). Suppose 3*x - 4 - i = 0, -3*v + 23 = -2*x. What are the prime factors of v?
3
Suppose 5*b + 5*k = 3*b + 10, -4*b - k = 16. Let u = 5 - b. List the prime factors of u.
2, 5
Let g = 44 + -13. List the prime factors of g.
31
List the prime factors of (-2)/19 - (-7936)/304.
2, 13
Suppose 2*z + 4 = 2, 4*z = 4*v - 172. List the prime factors of v.
2, 3, 7
Let p be 6/(-27) + (-196)/9. Let s be (p/8)/((-2)/8). What are the prime factors of 0 - (1 - (-2 + s))?
2
Suppose 2*s - 358 = 2*y, -s - y = -4*y - 169. Suppose n = -3*n + s. What are the prime factors of n?
2, 23
Suppose 2*m - 3*m = -3. Let z be (-18)/(-2) + 0 + m. Let s = -1 + z. What are the prime factors of s?
11
Let y(w) = -4 - 5*w**3 + 6*w**2 - w + 2*w**3 - 2*w + 4*w**3. What are the prime factors of y(-5)?
2, 3
Let q(z) = -2*z + 33. What are the prime factors of q(-17)?
67
Suppose 264 = 4*r - 3*s, 4*r + 3*s + 109 = 397. Suppose r = 3*g + 24. What are the prime factors of g?
3, 5
What are the prime factors of 2 - 28*(-44)/8?
2, 3, 13
Let r = -6 - -4. Let h(v) = v**3 + 2*v**2 - 2*v - 2. Let k be h(r). List the prime factors of (11/2)/(1/k).
11
Let p(i) = 171*i + 3. List the prime factors of p(1).
2, 3, 29
Let f = -15 + 24. Let p be (-2)/(12/f - 1). What are the prime factors of p/21 - (-32)/14?
2
Let s(j) be the second derivative of j**4/12 - j**3/6 - j**2 - j. Let t(d) = -d**2 + 10*d - 6. Let n be t(9). List the prime factors of s(n).
2
List the prime factors of 17/34*(-104)/(-2).
2, 13
Suppose 15 = 3*l - 39. Suppose 5*r = t + 12, -4*r - t - t = -l. What are the prime factors of r?
3
Let v(q) = -11*q + 10. Let l(p) = -22*p + 20. Let d(n) = -4*l(n) + 9*v(n). Let r(g) = 5*g - 5. Let y(f) = 4*d(f) + 9*r(f). List the prime factors of y(7).
2
Let g = -9 + 12. Suppose -g*n + 32 = -2*n + 3*r, -r - 115 = -4*n. What are the prime factors of n?
29
Let j(q) = 8*q + 15. What are the prime factors of j(10)?
5, 19
Suppose 0 = 12*q - 9*q - 12. What are the prime factors of q?
2
List the prime factors of (-5 + 4 + 148)*(-2)/(-3).
2, 7
Let h(x) = 7*x**2 - 23*x + 17. List the prime factors of h(7).
199
Suppose -t + 0*t = -5. Suppose -8 = -t*f + f. What are the prime factors of f?
2
Let u(q) = 2*q**2 + 3 + 3*q + 4*q + 4*q**2 - 4*q. Let w be u(-3). Suppose 4*p - 132 = -w. List the prime factors of p.
3, 7
Let r(l) = -4*l**2 + 14*l + 17. Let a(d) = -d**2 + d + 1. Let v(q) = -3*a(q) + r(q). Suppose 4*u = u + 3*h + 42, 0 = h + 3. What are the prime factors of v(u)?
2, 7
Let p(b) = -b**3 + b**2 - b + 61. What are the prime factors of p(0)?
61
Let b(k) = -6*k - 6. What are the prime factors of b(-10)?
2, 3
Let d(c) = c**3 - c**2 - c + 33. What are the prime factors of d(0)?
3, 11
Suppose -2*j - 3*j = 145. Let i = j + 19. What are the prime factors of 4/5*(-25)/i?
2
Let n(k) = 2*k**2 - k - 2. Let o be n(2). Suppose -o*a + 3 = -9. What are the prime factors of a?
3
Let u(y) = y**2 + 0*y**2 + 1 - 2 + 3 + y. List the prime factors of u(-5).
2, 11
Let y = 7 + -2. Let b(a) = a**3 - 6*a**2 + 5*a. Let o be b(y). Suppose -2*i + i + 12 = o. What are the prime factors of i?
2, 3
Let z(j) = -j + 25. List the prime factors of z(11).
2, 7
Let n(c) = -6*c**2 + 9*c - 2. Let g(i) = 3*i**2 - 5*i + 1. Let u(m) = -7*g(m) - 4*n(m). What are the prime factors of u(2)?
11
Let p be -1*(3 - 2) + 2. Let u = p + 7. Suppose 3*a + a - u = 0. What are the prime factors of a?
2
Suppose -4*h - 4*f = -6*h + 692, -5*f = -2*h + 693. What are the prime factors of h?
2, 43
Suppose 3*x - 3*f - 22 = -1, -3*x + 18 = -2*f. Suppose s - x*q = 19, 2*q + 1 = s - 14. What are the prime factors of s?
11
Let p = -3 + 6. Let r = p + 0. Suppose -r*j = -7*j + 12. List the prime factors of j.
3
Let w = 215 + -71. What are the prime factors of w?
2, 3
Let g = 2 - 4. Let h = g - -5. What are the prime factors of (4 - h)/(1/11)?
11
Let u be (-3 + -1 + 3)*13. Let z = u + 27. What are the prime factors of z?
2, 7
Let l = 0 - -4. Let s(m) = -m**3 + 14*m**2 + 16*m - 10. Let b be s(15). Suppose -b*z = -4*k + 34, -z - l = k - 17. What are the prime factors of k?
11
Let k(h) = -h**3 + 2*h**2 - 1. Suppose 0 = -r + 3*r + 2. List the prime factors of k(r).
2
Let b = 18 + -23. Let f(r) = -12*r - 9. What are the prime factors of f(b)?
3, 17
Let n(z) = 2*z**2 + 11*z + 5. Let w be n(-7). Suppose -5*t + 62 = 3*b - 0*t, -b + w = -t. What are the prime factors of b?
2, 3
Suppose -4*s + 559 + 213 = 0. List the prime factors of s.
193
Let i = -4 - -4. Suppose i = -5*n - 2 - 3. Let s = 3 + n. What are the prime factors of s?
2
Let v(p) = -p + 4. Suppose 0 = 3*y + y - 16. Let s be v(y). Suppose -3*u = -s*u + 2*l - 12, 4*l = -3*u + 12. List the prime factors of u.
2
Let l(v) = 5*v**2 + v. Let d be l(-1). Suppose d*a = a + 51. List the prime factors of a.
17
Let y(u) = u**2 - 6*u - 2. Let p(o) = o**3 - 11*o**2 + 2*o + 11. Let m be p(11). Suppose 4*h = -5 + m. What are the prime factors of y(h)?
5
Let j = 35 + -19. What are the prime factors of j?
2
Suppose 0 = 5*y - 5 - 15. List the prime factors of (y/10)/(2/10).
2
Let x(k) = k + 1. Suppose 0 = -4*w - 7 - 21. Let r be x(w). Let a(g) = g**2 + 4*g - 8. What are the prime factors of a(r)?
2
Suppose 0 = -r + 6*r. Let t = 2 - r. What are the prime factors of t?
2
Suppose 7 - 101 = 2*v. List the prime factors of v/(-9) + 8/(-36).
5
Let z(v) = -2 - 4*v**2 + 3*v + 0*v**3 - 3*v**3 + 4*v**3 + 3*v**2. List the prime factors of z(3).
5
Suppose 5*i = i + 36. Suppose 4*c - i = 7. What are the prime factors of c?
2
Suppose 0*p - 3*p + 72 = 3*r, -p = -4*r + 96. Let n = -19 + r. List the prime factors of n.
5
Suppose -3*a - 6 = z, 0*a + 3*a = -6. Let r = 3 - -1. Suppose -4*l - r = 2*g - 12, -2*g + 5*l + 8 = z. What are the prime factors of g?
2
Let n(x) = -191*x. Let m be n(-10). List the prime factors of (-4)/14 + m/70.
3
Let c = -73 + 25. Let j = c + 69. What are the prime factors of j?
3, 7
Let h(v) be the first derivative of -v**2 - 8*v + 3. What are the prime factors of h(-9)?
2, 5
Suppose 1 = x - 0*x. Let k = 3 - x. Suppose 0 = 3*w - 34 - k. What are the prime factors of w?
2, 3
Let b(p) = 2*p**2 + 3*p - 2. List the prime factors of b(4).
2, 3, 7
Let p(x) = 13*x - 86. What are the prime factors of p(9)?
31
Let i = 4 - 6. List the prime factors of 3/i*(-1 - 3).
2, 3
Let c(u) = 2*u + u**2 + 2*u - 3*u. Let i be c(-1). Suppose 5*v + 10 = i, 4*n - 3*v - 9 = 33. What are the prime factors of n?
3
Let c = -58 - -62. List the prime factors of c.
2
Let f = 18 - 24. Let x(s) = -s**3 - 4*s**2 + 9*s + 9. What are the prime factors of x(f)?
3
Let g(y) = -20*y + 11. What are the prime factors of g(-3)?
71
Suppose -4*i + 9*i - 5*h = 560, -4*i + 427 = 3*h. List the prime factors of i.
109
Suppose 0 = b + 2*b - 15. Suppose -v + 19 = x, -3*x - b*v = -53 - 4. List the prime factors of x.
19
Suppose 5*h = 9 + 16. Suppose h*d = -3*m + 80 + 11, 3*m = d + 79. Let n = 39 - m. What are the prime factors of n?
2, 3
Let k = -80 + 218. List the prime factors of k.
2, 3, 23
Let n(l) = -l + 4. Let z be n(0). Suppose 2 - 10 = 2*k - z*r, -4*k + 2*r = 10. Let i = k - -5. What are the prime factors of i?
3
Suppose 0 = 5*j + n - 11, -j + 2*n = 0. Let d be ((-3)/(-2))/(j/24). Suppose 30 = 3*f - d. What are the prime factors of f?
2
Suppose c + 15 = -3*g + 4*g, -3*c = 3*g - 27. List the prime factors of g.
2, 3
Let b(u) = -u**3 + 8*u**2 - 6*u - 4. Let r be b(7). Let i(c) = -6*c**r + 2*c**2 - 3*c**3 + 0 - 1. What are the prime factors of i(-1)?
2, 5
Let o(v) = -v**2 + 14*v + 41. What are the prime factors of o(13)?
2, 3
Let r = 9 + -5. What are the prime factors of ((-2)/r)/((-8)/320)?
2, 5
Let v(z) = 9*z**2 - 3*z + 3. Suppose 4*g = 5 + 3. What are the prime factors of v(g)?
3, 11
Suppose 0 = -i + 2 + 3. Suppose -i*b + 54 = -w, b + 2*b - 2*w = 38. Suppose -5*l + 50 = 5*z, -9 = -z + 2*l + b. List the prime factors of z.
13
Suppose 4*b - 3*b = 4*g + 112, -2*g + 394 = 4*b. List the prime factors of b.
2, 5
Suppose -8 =